= -2*c**3 - 193*c**2 + 692*c + 463. Calculate x(-100).
1263
Let w(c) = 41*c - 160. Calculate w(-1).
-201
Let v(n) = 376*n - 55498. What is v(148)?
150
Let c(j) = j**3 + 145*j**2 + 6*j + 22213. Calculate c(-146).
21
Let j(w) = -10*w**2 + 2665*w - 1459. Calculate j(266).
-129
Let b(w) = -16*w**2 - 155*w + 181. Calculate b(-9).
280
Let r(f) = 37*f**2 - 22*f + 35. Calculate r(2).
139
Let d(n) = 6*n**2 + 197576*n - 197577. Calculate d(1).
5
Let a(v) = -v**3 - 14*v**2 + 432*v + 7907. Give a(-19).
1504
Let j(m) = -m**2 + 20*m - 1516. What is j(-26)?
-2712
Let i(y) = -12*y**2 - 376*y - 1311. Calculate i(-39).
-4899
Let o(l) = 2*l**2 + 1071*l + 10558. What is o(-10)?
48
Let f(q) = -4*q**3 + 117*q**2 + 256*q + 25. Determine f(-2).
13
Let w(i) = -14*i**2 + 220*i - 279. Give w(11).
447
Let v(h) = h**2 + 1441*h + 36778. What is v(-26)?
-12
Let z(v) = 2*v**3 + 51*v**2 - 1810*v - 152. Give z(20).
48
Let s(b) = -1478*b**2 - 397578*b + 1070. Determine s(-269).
-6
Let n(j) = 8*j**2 + 18645*j - 74569. Calculate n(4).
139
Let s(n) = -12*n**3 - 2*n**2 + 17*n - 261. Give s(0).
-261
Let g(v) = -v**3 + 8*v**2 - 2034*v - 28. Give g(0).
-28
Let p(y) = 2038*y + 3515. Calculate p(-2).
-561
Let d(k) = -k**3 + 10*k**2 + 7789*k - 70174. Determine d(9).
8
Let i(b) = -472*b + 8463. Calculate i(17).
439
Let o(k) = -k**3 + 160*k**2 + 313*k + 1972. Determine o(162).
190
Let b(v) = -12212842*v - 61064203. Calculate b(-5).
7
Let f(w) = -5*w**2 - 4151*w - 49083. What is f(-12)?
9
Let o(q) = -3*q**3 + 120*q**2 + 249*q - 5. Give o(-2).
1
Let v(m) = -102*m**2 - 129*m - 26. What is v(-4)?
-1142
Let g(i) = -283*i + 17799. Give g(64).
-313
Let n(b) = -86*b**2 + 708*b + 596. What is n(9)?
2
Let d(z) = -174*z + 7005. Give d(43).
-477
Let a(j) = j**2 - 230*j + 5317. Calculate a(26).
13
Let v(p) = 2*p**2 - 13*p - 472. What is v(19)?
3
Let j(k) = -k**3 - 410*k**2 - 4384*k + 1983. Determine j(-399).
-12
Let a(t) = t**3 + 53*t**2 + 352*t - 62. Give a(-8).
2
Let a(g) = -15393*g + 246278. Give a(16).
-10
Let v(f) = f**3 - 97*f**2 + 2395*f - 2108. Determine v(47).
7
Let c(n) = 8*n**2 + 512*n - 3717. What is c(-71)?
259
Let g(l) = -110*l**2 + 5259*l + 972. Determine g(48).
-36
Let a(r) = -2737*r**2 + 10956*r - 15. Calculate a(4).
17
Let n(i) = 3739*i - 332738. Determine n(89).
33
Let m(x) = 3*x**2 - 1812*x - 344745. Calculate m(-152).
-9
Let d(o) = o**3 + 1893*o + 7635. Calculate d(-4).
-1
Let n(b) = 7*b**2 - 37714*b - 113178. Give n(-3).
27
Let s(b) = b**2 - 548*b - 1510000. What is s(1533)?
5
Let z(l) = -l**2 - 3075216*l + 21526559. What is z(7)?
-2
Let j(b) = -1779*b - 297059. What is j(-167)?
34
Let a(h) = -31*h**2 - 371*h - 174. What is a(-12)?
-186
Let s(p) = -4494*p - 71914. Determine s(-16).
-10
Let l(g) = 547*g - 33308. Calculate l(61).
59
Let a(u) = -u**2 - 6789*u + 355706. What is a(52)?
-26
Let k(n) = n**2 + 2342*n + 213469. Determine k(-95).
4
Let r(v) = 1456*v + 10306. What is r(-9)?
-2798
Let c(o) = -o**2 + 592*o + 25307. Give c(-43).
-1998
Let o(j) = -462012*j + 3696092. Determine o(8).
-4
Let k(a) = -101*a**2 + 102*a - 4. Calculate k(3).
-607
Let f(d) = 3*d**2 - 153*d - 1040. Determine f(38).
-2522
Let g(p) = p**2 + 331*p - 2334. Give g(7).
32
Let p(g) = -3474*g - 90338. Calculate p(-26).
-14
Let j(z) = -z**3 - 732*z**2 - 2176*z + 34. What is j(-3)?
1
Let n(t) = 18*t**2 - 3366*t + 43. What is n(187)?
43
Let h(p) = -28448*p + 2048258. Give h(72).
2
Let r(j) = -2*j**3 - 42*j**2 - 373*j - 6651. What is r(-20)?
9
Let a(j) = 3537*j - 17722. Calculate a(5).
-37
Let w(v) = -26*v**3 - 1293*v**2 + 3052*v - 826. Calculate w(-52).
6
Let r(x) = 79*x - 10089. What is r(110)?
-1399
Let x(n) = -3*n**3 + 9*n**2 + 469*n - 1391. What is x(3)?
16
Let g(w) = -6*w**3 - w**2 + 33*w + 65. Calculate g(-2).
43
Let s(i) = 7*i**3 - 328*i**2 - 391*i + 286. What is s(48)?
-50
Let m(g) = g**2 + 24103*g + 698130. Calculate m(-29).
-16
Let m(n) = -8*n**3 - 70*n**2 - 559*n - 6485. Calculate m(-10).
105
Let o(v) = 59*v**2 + 392*v + 614. Determine o(-5).
129
Let a(n) = n**3 + 5*n**2 + 288*n - 2104. Determine a(7).
500
Let f(b) = -3*b**2 - 40*b + 290. What is f(-16)?
162
Let s(v) = -3*v**3 + 82*v**2 - 108*v - 31. What is s(26)?
-135
Let z(t) = t**3 - 167*t**2 - 130*t - 6434. Give z(168).
-50
Let y(m) = -2*m**3 - 44*m**2 + 80*m + 4257. Give y(-17).
7
Let z(h) = -2*h + 1452. What is z(-7)?
1466
Let p(s) = -4*s**2 - 6016*s - 96601. Calculate p(-16).
-1369
Let i(k) = 675*k - 13648. What is i(21)?
527
Let t(g) = 2*g**2 - 3*g - 542. Calculate t(13).
-243
Let k(l) = -6*l**2 - 280*l - 1194. What is k(-4)?
-170
Let z(x) = x**3 - 13*x**2 - 2373*x + 37490. Give z(16).
290
Let d(v) = 36803*v - 3201861. Determine d(87).
0
Let u(l) = 141*l**2 - 1050*l + 435. What is u(7)?
-6
Let t(s) = -1702*s**2 - 1232250*s - 1458. What is t(-724)?
-10
Let k(c) = c**3 - 155*c**2 + 1584*c + 245. Give k(144).
245
Let t(f) = 2*f**3 + 798*f**2 + 27434*f + 21. What is t(-38)?
97
Let q(d) = d**3 - 8*d**2 - 277*d - 57. Calculate q(-13).
-5
Let j(s) = -s**3 + 17*s**2 + 7*s - 10. Give j(9).
701
Let d(w) = 16859*w - 151498. Give d(9).
233
Let k(l) = 2*l**3 - 149*l**2 + 359*l + 138. Calculate k(72).
66
Let m(g) = -763933*g + 6875399. Give m(9).
2
Let c(z) = -128442*z + 256899. Determine c(2).
15
Let a(f) = -210*f - 1726. Give a(-3).
-1096
Let a(c) = 2*c**2 - 16*c - 842. Give a(24).
-74
Let n(p) = -9*p**3 - 49*p**2 + 860*p + 4950. Give n(-6).
-30
Let o(z) = -z**3 + 27*z**2 + 99*z - 990. What is o(29)?
199
Let r(a) = -759*a - 189746. Determine r(-250).
4
Let o(l) = -3*l**2 - 5438*l + 21771. What is o(4)?
-29
Let b(s) = -2*s**2 + 90674*s - 26. Determine b(0).
-26
Let x(o) = o + 2144. Calculate x(-52).
2092
Let y(n) = 17544*n + 70245. Determine y(-4).
69
Let w(x) = 11625*x - 34834. What is w(3)?
41
Let f(p) = -5*p**3 + 45*p**2 - 8561*p + 8515. Calculate f(1).
-6
Let d(c) = -4004*c + 216321. Give d(54).
105
Let g(c) = 14*c**2 + 3115*c - 14307. What is g(-227)?
-6
Let l(r) = 3*r**3 + 7*r**2 - 15*r + 58. Calculate l(-4).
38
Let g(q) = -2*q**3 + 45*q**2 + 103*q - 1875. Determine g(23).
-35
Let g(r) = 284716*r + 4270737. What is g(-15)?
-3
Let u(z) = 7*z**2 + 844*z + 19255. Calculate u(-90).
-5
Let s(l) = -14*l**2 - 358*l + 699. Give s(2).
-73
Let i(v) = -10*v**3 + 2*v**2 + 18*v + 9. Determine i(-5).
1219
Let x(u) = -2*u**3 - 208*u**2 - 412*u - 1378. Give x(-102).
-970
Let a(g) = -59*g**3 - 4*g**2 + 103*g - 200. Give a(2).
-482
Let d(n) = -4*n**2 - 140*n + 33751. What is d(-111)?
7
Let j(f) = 31338*f + 313397. Give j(-10).
17
Let c(p) = p**3 + 169*p**2 + 3282*p + 26. What is c(-22)?
-1030
Let q(v) = 151*v**2 + 31861*v - 3. Give q(-211).
-3
Let v(p) = 1277*p + 36984. Calculate v(-29).
-49
Let l(f) = 1831*f + 51847. Calculate l(-25).
6072
Let p(y) = y**3 - 8*y**2 - 188*y + 174. What is p(18)?
30
Let y(z) = 87330*z - 3143868. What is y(36)?
12
Let i(m) = -m**2 - 87*m - 1580. Determine i(-16).
-444
Let p(w) = 8014*w - 56323. Give p(7).
-225
Let f(l) = 266*l**2 + 1968*l + 39. Give f(-7).
-703
Let t(n) = 147828*n - 37. Give t(0).
-37
Let q(l) = 310*l + 1115. Determine q(-6).
-745
Let f(l) = -l**3 - 1002*l**2 - 3977*l + 83. What is f(-4)?
23
Let q(u) = 2*u**2 - 1040*u - 1316623. What is q(1112)?
-15
Let p(k) = 615*k - 1955. Determine p(2).
-725
Let t(o) = -o**2 - 2632*o - 599768. Give t(-252).
-8
Let o(u) = -33372*u - 120406177. Determine o(-3608).
-1
Let y(a) = -a**3 + 50*a**2 - 295*a - 8951. Determine y(-10).
-1
Let u(p) = -p**3 + 25*p**2 - 230*p + 3038. Determine u(21).
-28
Let w(b) = 2*b**2 + 45*b - 3189. Give w(36).
1023
Let i(o) = 82730*o - 909996. Determine i(11).
34
Let o(d) = -2*d**2 - 433*d - 14130. Determine o(-40).
-10
Let r(l) = -863*l**2 + 205389*l + 1176. Give r(238).
-14
Let c(h) = 5*h**3 + 408*h**2 - 573*h + 646. Determine c(-83).
-18
Let d(h) = 47*h**2 + 8*h - 7. What is d(-4)?
713
Let j(h) = -1682*h + 23585. Determine j(14).
37
Let q(j) = 5*j**2 - 1090*j + 25009. Calculate q(26).
49
Let z(b) = -b**3 - 42*b**2 + 36*b + 152. Calculate z(-7).
-1815
Let a(k) = 6073*k - 24346. Give a(4).
-54
Let p(q) = 8*q**2 - 64*q - 10237. Calculate p(-32).
3
Let c(m) = 2379*m - 195118. Calculate c(82).
-40
Let b(i) = -212*i - 4223. Give b(-20).
17
Let m(s) = s**3 - 798*s**2 - 71193*s - 5215. Determine m(879).
59
Let x(z) = -94*z**3 + 943*z**2 - 16*z + 138. What is x(1